5 composite?
True
Is 4327759 composite?
False
Is 178931 a composite number?
False
Is 3458383 a composite number?
True
Is 100095319 composite?
False
Is 7076954 a composite number?
True
Is 144214691 a prime number?
True
Is 8995823 a prime number?
True
Is 3974881 a prime number?
True
Is 21714241 prime?
False
Is 80273 composite?
False
Is 706404311 a prime number?
True
Is 939391159 a prime number?
False
Is 47291599 a composite number?
False
Is 11039767 prime?
True
Is 105562837 prime?
True
Is 6568201 a composite number?
False
Is 2380773 composite?
True
Is 567350209 prime?
True
Is 258992947 composite?
False
Is 4457657 a composite number?
False
Is 5971379 prime?
True
Is 171694235 prime?
False
Is 71831281 composite?
False
Is 29256907 composite?
False
Is 12640811 a prime number?
False
Is 14083753 a prime number?
True
Is 621389 a composite number?
False
Is 10046011 composite?
False
Is 22777967 prime?
True
Is 1950967 a prime number?
False
Is 2887831 prime?
False
Is 8600393 a prime number?
True
Is 52074401 a prime number?
False
Is 1562707 a prime number?
True
Is 132607883 a prime number?
False
Is 1750123 a composite number?
False
Is 39069841 a composite number?
False
Is 1532231 a prime number?
True
Is 11285347 a prime number?
False
Is 21478403 a prime number?
False
Is 66319939 a prime number?
False
Is 18801883 a composite number?
True
Is 12106531 a prime number?
True
Is 696147 a prime number?
False
Is 62216269 a composite number?
False
Is 10838173 composite?
True
Is 391793 a prime number?
False
Is 95153 a composite number?
False
Is 718379 a prime number?
True
Is 4801753 a prime number?
False
Is 115261 a prime number?
False
Is 2074531 composite?
True
Is 50090861 composite?
True
Is 9715799 prime?
True
Is 123911771 prime?
True
Is 22487671 prime?
True
Is 45745067 composite?
False
Is 351257954 a composite number?
True
Is 67802039 a prime number?
True
Is 6359513 a prime number?
False
Is 167996597 prime?
True
Is 149967631 composite?
True
Is 42922601 composite?
False
Is 9573847 composite?
False
Is 955418771 composite?
False
Is 8659837 a composite number?
False
Is 115505681 a prime number?
True
Is 1189673 composite?
False
Is 4195799 a composite number?
True
Is 66160139 composite?
False
Is 19345727 a prime number?
False
Is 9778947 prime?
False
Is 10981273 a prime number?
False
Is 6865121 a prime number?
True
Is 10414751 composite?
False
Is 1646287 a composite number?
False
Is 6812879 composite?
False
Is 4993661 a composite number?
False
Is 2550811 prime?
False
Is 50870033 composite?
False
Is 2251807 a composite number?
False
Is 1292573 prime?
False
Is 4274821 composite?
True
Is 6361319 a prime number?
False
Is 20025877 a prime number?
False
Is 1488301 prime?
True
Is 231417631 a composite number?
True
Is 36221 a composite number?
True
Is 1041041 prime?
True
Is 25149055 a composite number?
True
Is 10763059 a composite number?
False
Is 16300769 prime?
True
Is 1200022 a prime number?
False
Is 3744935 prime?
False
Is 10355897 composite?
True
Is 4092791 a prime number?
True
Is 63960761 a prime number?
True
Is 4250045 prime?
False
Is 2923961 composite?
False
Is 8469299 composite?
True
Is 2210939 a prime number?
True
Is 38650463 composite?
True
Is 10473457 a prime number?
True
Is 7881721 composite?
False
Is 17188709 a composite number?
False
Is 4041581 prime?
True
Is 87812029 composite?
True
Is 4613621 prime?
False
Is 152672017 a prime number?
False
Is 25256447 composite?
False
Is 5940359 composite?
False
Is 151377 a prime number?
False
Is 9317333 a prime number?
True
Is 29324965 composite?
True
Is 52532059 prime?
False
Is 10331491 prime?
True
Is 638933 prime?
True
Is 14414989 prime?
True
Is 8715181 prime?
True
Is 101020849 a composite number?
False
Is 243281411 a prime number?
False
Is 2049941 composite?
False
Is 748183571 a composite number?
False
Is 17145019 composite?
False
Is 37124809 a composite number?
False
Is 22456417 a composite number?
False
Is 6088501 prime?
False
Is 4602889 composite?
False
Is 102750995 prime?
False
Is 194131 prime?
False
Is 6944909 a prime number?
False
Is 751629 a composite number?
True
Is 16166831 a prime number?
False
Is 78055169 composite?
True
Is 111747541 a composite number?
False
Is 4083341 a composite number?
False
Is 2961943 a prime number?
False
Is 4154149 prime?
True
Is 296156393 a composite number?
True
Is 202911841 a prime number?
False
Is 2537023 composite?
True
Is 46086101 prime?
True
Is 334260691 a prime number?
True
Is 33049 a composite number?
False
Is 51464941 prime?
False
Is 1346507 prime?
False
Is 29199199 a prime number?
True
Is 23992693 a prime number?
True
Is 6650107 a composite number?
True
Is 12062723 a composite number?
True
Is 4161134 composite?
True
Is 44745767 composite?
True
Is 217774337 prime?
False
Is 1143529 composite?
False
Is 1492847 prime?
False
Is 10158055 prime?
False
Is 70211831 prime?
True
Is 14522377 a prime number?
True
Is 103268377 composite?
False
Is 137022751 composite?
False
Is 20379367 composite?
True
Is 6827579 composite?
True
Is 26951429 a prime number?
False
Is 82967431 a composite number?
True
Is 10512869 composite?
True
Is 6324451 a composite number?
True
Is 299765671 a prime number?
False
Is 2838491 a prime number?
False
Is 26840683 a composite number?
True
Is 13501193 a composite number?
False
Is 147761 prime?
True
Is 709347931 composite?
False
Is 1211349 a prime number?
False
Is 18451805 composite?
True
Is 2179459 composite?
False
Is 1323929 composite?
True
Is 2722399 a prime number?
True
Is 64104421 a composite number?
False
Is 720481 a composite number?
False
Is 202197757 a prime number?
False
Is 2740054 a composite number?
True
Is 1099003 prime?
False
Is 2060837 prime?
False
Is 7746413 composite?
False
Is 353099 prime?
True
Is 50723 a composite number?
False
Is 5289539 composite?
False
Is 1803787 composite?
True
Is 4731461 a composite number?
True
Is 1566347657 composite?
True
Is 182417 a prime number?
True
Is 21518077 a prime number?
False
Is 661931 composite?
False
Is 41474091 a composite number?
True
Is 19153039 a prime number?
True
Is 1034941 prime?
True
Is 661401341 a composite number?
False
Is 283943329 a prime number?
True
Is 569339 a composite number?
True
Is 715613 a prime number?
True
Is 17461869 a prime number?
False
Is 1757771 a prime number?
True
Is 618319 composite?
True
Is 17840029 prime?
True
Is 21523171 a composite number?
False
Is 7419719 composite?
False
Is 20423377 a composite number?
True
Is 12545671 a composite number?
False
Is 6816247 a prime number?
False
Is 65647969 a composite number?
False
Is 1319651 a composite number?
False
Is 5839181 a prime number?
True
Is 10907063 composite?
False
Is 1087245229 prime?
False
Is 70470761 a composite number?
True
Is 2789219 prime?
False
Is 15684787 a composite number?
False
Is 38330497 composite?
False
Is 37930421 composite?
True
Is 39499 a composite number?
False
Is 51423611 a composite number?
False
Is 12078043 a composite number?
False
Is 3981109 composite?
True
Is 26300507 a prime number?
True
Is 4933421 a prime number?
True
Is 2527869 composite?
True
Is 4416017 a prime number?
True
Is 69709 a prime number?
True
Is 98393147 composite?
False
Is 264192493 composite?
False
Is 18404509 a composite number?
False
Is 503911 a prime number?
True
Is 143628553 composite?
True
Is 93240559 a prime number?
True
Is 1115537 composite?
True
Is 7653007 prime?
True
Is 5599253 a prime number?
False
Is 297013279 prime?
False
Is 3902747 prime?
True
Is 12223969 prime?
False
Is 382427 composite?
False
Is 33672221 a prime number?
False
Is 124636193 a composite number?
True
Is 438877 a prime number?
True
Is 49908517 a prime number?
True
Is 935429491 a prime number?
False
Is 25203179 a prime number?
False
Is 351841631 composite?
False
Is 8129453 a composite number?
False
Is 9346241 a composite number?
True
Is 80602531 prime?
False
Is 82325723 prime?
True
Is 44311937 a composite number?
False
Is 379114529 a prime number?
False
Is 27568361 prime?
True
Is 619762459 a prime number?
True
Is 5543129 a prime number?
True
Is 24003919 composite?
False
Is 5836999 prime?
False
Is 743439167 prime?
True
Is 10441843 prime?
True
Is 13934069 prime?
True
Is 12661009 a composite number?
True
Is 9967537 a prime number?
True
Is 42868627 prime?
True
Is 413653 c